{"id":6095,"date":"2022-03-19T19:13:53","date_gmt":"2022-03-19T18:13:53","guid":{"rendered":"http:\/\/nobarriers.cz\/?page_id=6095"},"modified":"2026-01-17T18:24:01","modified_gmt":"2026-01-17T17:24:01","slug":"koncerty","status":"publish","type":"page","link":"https:\/\/nobarriers.cz\/?page_id=6095","title":{"rendered":"Koncerty &#8211; archiv"},"content":{"rendered":"\n<p><\/p>\n\n\n\n<h1 class=\"wp-block-heading\">Koncerty 2025 &#8230;<\/h1>\n\n\n\n<p class=\"has-white-color has-text-color has-link-color wp-elements-fbd4c728509bb0d58c3e4cccaf357c04\">Od roku 2025 jsou koncerty v sekci <strong><a href=\"https:\/\/nobarriers.cz\/?page_id=6659\">Koncerty<\/a><\/strong>.<\/p>\n\n\n\n<h1 class=\"wp-block-heading\">Koncerty 2024<\/h1>\n\n\n\n<figure class=\"wp-block-table is-style-regular\"><table class=\"has-light-gray-color has-text-color has-link-color\"><tbody><tr><td>17.01.2024 <\/td><td><strong>V\u00e9ska<\/strong><\/td><td>VIP &#8211; Sport Hotel <\/td><\/tr><tr><td>02.03.2024<\/td><td><strong>Pardubice<\/strong><\/td><td>Klub<\/td><\/tr><tr><td>08.03.2024<\/td><td><strong>Otrokovice<\/strong><\/td><td>Kulturn\u00ed centrum Beseda<\/td><\/tr><tr><td>19.03.2024<\/td><td><strong>Olomouc<\/strong><\/td><td>K 10<\/td><\/tr><tr><td>28.03.2024<\/td><td><strong>Olomouc<\/strong><\/td><td>Bounty rock &#8211; k\u0159est Moonpark<\/td><\/tr><tr><td>12.04.2024<\/td><td><strong>Olomouc<\/strong><\/td><td>BEA centrum<\/td><\/tr><tr><td>20.04.2024<\/td><td><strong>Olomouc<\/strong><\/td><td>Bounty rock cafe ples<\/td><\/tr><tr><td>03.05.2024<\/td><td><strong>Pardubice<\/strong><\/td><td>VIP<\/td><\/tr><tr><td>19.05.2024<\/td><td><strong>Olomouc<\/strong><\/td><td>Letn\u00ed kino<\/td><\/tr><tr><td>25.05.2024<\/td><td><strong>Nemilany<\/strong><\/td><td>H\u0159i\u0161t\u011b<\/td><\/tr><tr><td>29.05.2024<\/td><td><strong>Ostro\u017esk\u00e1 Nov\u00e1 Ves<\/strong><\/td><td>Mezin\u00e1rodn\u00ed motork\u00e1\u0159sk\u00fd sraz<\/td><\/tr><tr><td>01.06.2024<\/td><td><strong>Hranice<\/strong><\/td><td>VIP<\/td><\/tr><tr><td>05.06.2024<\/td><td><strong>Olomouc<\/strong><\/td><td>UPOL &#8211; Setk\u00e1n\u00ed v zahrad\u00e1ch<\/td><\/tr><tr><td>08.06.2024<\/td><td><strong>Hlubo\u010dky<\/strong><\/td><td>Hlubo\u010dky 2024<\/td><\/tr><tr><td>15.06.2024<\/td><td><strong>Odry<\/strong><\/td><td>Odry Fest 2024<\/td><\/tr><tr><td>22.06.2024<\/td><td><strong>Olomouc<\/strong><\/td><td>Street festival<\/td><\/tr><tr><td>28.06.2024<\/td><td><strong>Lo\u0161tice<\/strong><\/td><td>Koupali\u0161t\u011b<\/td><\/tr><tr><td>29.-30.06.2024<\/td><td><strong>Zl\u00edn<\/strong><\/td><td>Zl\u00edn \u017dije festival<\/td><\/tr><tr><td>19.07.2024<\/td><td>Pardubice<\/td><td>VIP<\/td><\/tr><tr><td>06.09.2024<\/td><td>\u0160ternberk<\/td><td>Ecce Homo Historic<\/td><\/tr><tr><td>07.09.2024<\/td><td><strong>Chrudim<\/strong><\/td><td>Festival Chrudim (o)\u017eije<\/td><\/tr><tr><td>12.09.2024<\/td><td><strong>Ostrava<\/strong><\/td><td>VIP<\/td><\/tr><tr><td>13.09.2024<\/td><td><strong>Pardubice<\/strong><\/td><td>Road Cafe<\/td><\/tr><tr><td>14.09.2024<\/td><td><strong>Moravi\u010dany<\/strong> &#8211; ZRU\u0160ENO<\/td><td>Komunitn\u00ed centrum<\/td><\/tr><tr><td>18.09.2024<\/td><td><strong>Olomouc<\/strong><\/td><td>Letn\u00ed kino<\/td><\/tr><tr><td>20.09.2024<\/td><td>Byst\u0159ice pod Host\u00fdnem<\/td><td>Vinot\u00e9ka<\/td><\/tr><tr><td>21.09.2024<\/td><td><strong>Olomouc<\/strong><\/td><td>Pod\u011bbrady<\/td><\/tr><tr><td>10.10.2024<\/td><td><strong>Olomouc<\/strong><\/td><td>UPOL VIP<\/td><\/tr><tr><td>17.10.2024<\/td><td><strong>Pardubice<\/strong><\/td><td>ATIC f\u00f3rum<\/td><\/tr><tr><td>15.11.2024<\/td><td><strong>Brno<\/strong><\/td><td>Kou\u0159\u00edc\u00ed kr\u00e1l\u00edk<\/td><\/tr><tr><td>19.11.2024<\/td><td>Olomouc<\/td><td>K10<\/td><\/tr><tr><td>29.11.2024<\/td><td><strong>Otrokovice<\/strong><\/td><td>P\u0159edv\u00e1no\u010dn\u00ed koncert<\/td><\/tr><tr><td>30.11.2024<\/td><td>Pardubice<\/td><td>N\u00e1m\u011bst\u00ed<\/td><\/tr><tr><td>04.12.2024<\/td><td>Olomouc<\/td><td>Bar Zahrada<\/td><\/tr><tr><td>06.12.2024<\/td><td>Olomouc<\/td><td>VIP<\/td><\/tr><tr><td>07.12.2024<\/td><td><strong>Rokytnice<\/strong><\/td><td>V\u00e1no\u010dn\u00ed koncert<\/td><\/tr><tr><td>12.12.2024<\/td><td>Olomouc<\/td><td>VIP<\/td><\/tr><tr><td>13.12.2024<\/td><td>Olomouc<\/td><td>VIP<\/td><\/tr><tr><td>20.12.2024<\/td><td><strong>\u0160umperk<\/strong><\/td><td>V\u00e1no\u010dn\u00ed \u0160umperk<\/td><\/tr><tr><td>21.12.2024<\/td><td>Znojmo<\/td><td>VIP?<\/td><\/tr><\/tbody><\/table><\/figure>\n\n\n\n<h1 class=\"wp-block-heading\">Koncerty 2023<\/h1>\n\n\n\n<figure class=\"wp-block-table is-style-regular\"><table class=\"has-light-gray-color has-text-color has-link-color\"><tbody><tr><td>27.01.2023<\/td><td><strong>Krom\u011b\u0159\u00ed\u017e<\/strong><\/td><td>Star\u00e1 Masna<\/td><\/tr><tr><td>28.01.2023<\/td><td><strong>Zl\u00edn<\/strong><\/td><td>XXIII. Le\u0161et\u00ednsk\u00fd fa\u0161ank<\/td><\/tr><tr><td>06.02.2023<\/td><td><strong>Olomouc<\/strong><\/td><td>VIP UPOL &#8211; Korunn\u00ed pevnost<\/td><\/tr><tr><td>24.02.2023<\/td><td><strong>Brno<\/strong><\/td><td>Bar u Kou\u0159\u00edc\u00edho kr\u00e1l\u00edka<\/td><\/tr><tr><td>03.03.2023<\/td><td><strong>Pardubice<\/strong><\/td><td>Factory bar and lounge<\/td><\/tr><tr><td>07.03.2023<\/td><td><strong>Olomouc<\/strong><\/td><td>K 10<\/td><\/tr><tr><td>06.04.2023<\/td><td><strong>Zl\u00edn<\/strong><\/td><td>N\u00e1m\u011bst\u00ed m\u00edru<\/td><\/tr><tr><td>07.04.2023<\/td><td><strong>Ostrava<\/strong><\/td><td>Hudebni bazar<\/td><\/tr><tr><td>12.04.2023<\/td><td><strong>Olomouc<\/strong><\/td><td>Telegraph<\/td><\/tr><tr><td>14.04.2023<\/td><td><strong>Pardubice<\/strong><\/td><td>Factory bar and lounge<\/td><\/tr><tr><td>15.04.2023<\/td><td><strong>Daskab\u00e1t<\/strong><\/td><td>Jack&#8217;s Cowhouse Club<\/td><\/tr><tr><td>02.05.2023<\/td><td><strong>Olomouc<\/strong><\/td><td>K 10<\/td><\/tr><tr><td>18.05.2023<\/td><td><strong>Olomouc<\/strong><\/td><td>VIP V\u00e9ska<\/td><\/tr><tr><td>26.05.2023<\/td><td><strong>\u0160umperk<\/strong><\/td><td>ART Club<\/td><\/tr><tr><td>31.05.2023<\/td><td><strong>Olomouc<\/strong><\/td><td>Twinberg<\/td><\/tr><tr><td>03.06.2023<\/td><td><strong>Lhota u Hranic<\/strong><\/td><td>VIP<\/td><\/tr><tr><td>24.06.2023<\/td><td><strong>Olomouc<\/strong><\/td><td>Street Art Festival<\/td><\/tr><tr><td>25.06.2023<\/td><td><strong>Zl\u00edn<\/strong><\/td><td>\u017div\u00fd Zl\u00edn<\/td><\/tr><tr><td>01.07.2023<\/td><td><strong>Uhersk\u00e9 Hradi\u0161t\u011b<\/strong><\/td><td>Slov\u00e1ck\u00e9 l\u00e9to<\/td><\/tr><tr><td>07.07.2023<\/td><td><strong>Lo\u0161tice<\/strong><\/td><td>Letn\u00ed koupali\u0161t\u011b<\/td><\/tr><tr><td>08.07.2023<\/td><td><strong>Verovany\/Nenakonice<\/strong><\/td><td>Pivn\u00ed festival<\/td><\/tr><tr><td>14.07.2023<\/td><td><strong>Pardubice<\/strong><\/td><td>Small gig of garden\u00b4s Factory<\/td><\/tr><tr><td>15.07.2023<\/td><td><strong>Brno<\/strong><\/td><td>Zahrada u Sosny<\/td><\/tr><tr><td>12.08.2023<\/td><td><strong>Ostru\u017en\u00e1<\/strong><\/td><td>Pivovar Cest\u00e1\u0159<\/td><\/tr><tr><td>13.08.2023<\/td><td><strong>Olomouc<\/strong><\/td><td>Letn\u00ed kino<\/td><\/tr><tr><td>19.08.2023<\/td><td><strong>Litovel<\/strong><\/td><td>are\u00e1l SO\u0160<\/td><\/tr><tr><td>20.08.2023<\/td><td><strong>Olomouc<\/strong><\/td><td>Stodola<\/td><\/tr><tr><td>01.09.2023<\/td><td><strong>Pardubice<\/strong><\/td><td>VIP<\/td><\/tr><tr><td>02.09.2023<\/td><td><strong>Olomouc<\/strong><\/td><td>Letn\u00ed kino<\/td><\/tr><tr><td>08.09.2023<\/td><td><strong>Moravi\u010dany<\/strong><\/td><td>Komunitn\u00ed centrum<\/td><\/tr><tr><td>09.09.2023<\/td><td><strong>Olomouc<\/strong><\/td><td>N\u00e1plavka<\/td><\/tr><tr><td>27.09.2023<\/td><td><strong>Olomouc<\/strong><\/td><td>letn\u00ed kino WTF fest<\/td><\/tr><tr><td>28.09.2023<\/td><td><strong>\u0160umperk<\/strong><\/td><td>ART Club<\/td><\/tr><tr><td>30.09.2023<\/td><td><strong>Litovel<\/strong><\/td><td>V\u00e9d\u00e9pka<\/td><\/tr><tr><td>03.10.2023<\/td><td><strong>Olomouc<\/strong><\/td><td>K 10<\/td><\/tr><tr><td>07.10.2023<\/td><td><strong>Drahlov &#8211; Charv\u00e1ty<\/strong><\/td><td>Festival<\/td><\/tr><tr><td>14.10.2023<\/td><td><strong>Pardubice<\/strong><\/td><td>Factory bar and lounge<\/td><\/tr><tr><td>27.10.2023<\/td><td><strong>Odry<\/strong><\/td><td>Village Sound Odry<\/td><\/tr><tr><td>10.11.2023<\/td><td><strong>Brno<\/strong><\/td><td>Bar u Kou\u0159\u00edc\u00edho kr\u00e1l\u00edka<\/td><\/tr><tr><td>23.11.2023<\/td><td><strong>Olomouc<\/strong><\/td><td>Letn\u00ed kino<\/td><\/tr><tr><td>01.12.2023<\/td><td><strong>Olomouc<\/strong><\/td><td>Olodvorek<\/td><\/tr><tr><td>02.12.2023<\/td><td><strong>Rokytnice u P\u0159erova<\/strong><\/td><td>V\u00e1no\u010dn\u00ed koncert<\/td><\/tr><tr><td>09.12.2023<\/td><td><strong>Olomouc<\/strong><\/td><td>Bar Zahrada<\/td><\/tr><tr><td>15.12.2024<\/td><td><strong>Vy\u0161kov<\/strong><\/td><td>Music bar<\/td><\/tr><tr><td>16.12.2023<\/td><td><strong>Ostrava<\/strong><\/td><td>Hudebn\u00ed bazar<\/td><\/tr><tr><td>22.12.2023<\/td><td><strong>\u0160umperk<\/strong><\/td><td>N\u00e1m\u011bst\u00ed M\u00edru<\/td><\/tr><\/tbody><\/table><\/figure>\n\n\n\n<h1 class=\"wp-block-heading\">Koncerty 2022<\/h1>\n\n\n\n<hr class=\"wp-block-separator has-text-color has-yellow-color has-css-opacity has-yellow-background-color has-background is-style-wide\"\/>\n\n\n\n<figure class=\"wp-block-table is-style-regular\"><table class=\"has-light-gray-color has-text-color has-link-color\"><tbody><tr><td>01.04.2022<\/td><td><strong>Otrokovice<\/strong><\/td><td>Music  Klub u Bub\u00e1ka<\/td><\/tr><tr><td>02.04.2022<\/td><td><strong>Pardubice<\/strong><\/td><td>The Factory Bar<\/td><\/tr><tr><td>30.04.2022<\/td><td><strong>Olomouc<\/strong><\/td><td>Bluesbar Garch<\/td><\/tr><tr><td>07.05.2022<\/td><td><strong>Zl\u00edn<\/strong><\/td><td>VIP<\/td><\/tr><tr><td>01.06.2022<\/td><td><strong>Zl\u00edn<\/strong><\/td><td>Mezin\u00e1rodn\u00ed film festival<\/td><\/tr><tr><td>10.06.2022<\/td><td><strong>Olomouc<\/strong><\/td><td>Bar Zahrada<\/td><\/tr><tr><td>11.06.2022<\/td><td><strong>Grygov<\/strong><\/td><td>VIP<\/td><\/tr><tr><td>18.06.2022<\/td><td><strong>Ostrata<\/strong><\/td><td>Letn\u00ed are\u00e1l<\/td><\/tr><tr><td>25.06.2022<\/td><td><strong>Olomouc<\/strong><\/td><td>Street Festival<\/td><\/tr><tr><td>26.06.2022<\/td><td><strong>Zl\u00edn<\/strong><\/td><td>\u017div\u00fd Zl\u00edn<\/td><\/tr><tr><td>29.06.2022<\/td><td><strong>Olomouc<\/strong><\/td><td>Olodvorek<\/td><\/tr><tr><td>02.07.2022<\/td><td><strong>Pardubice<\/strong><\/td><td>The Factory Bar<\/td><\/tr><tr><td>03.07.2022<\/td><td><strong>Olomouc<\/strong><\/td><td>Letn\u00ed kino &#8211; pub<\/td><\/tr><tr><td>12.07.2022<\/td><td><strong>Olomouc<\/strong><\/td><td>Telegraph<\/td><\/tr><tr><td>15.07.2022<\/td><td><strong>P\u0159\u00e1slavice<\/strong><\/td><td>Fotbal H\u0159i\u0161t\u011b<\/td><\/tr><tr><td>16.07.2022<\/td><td><strong>Ostru\u017en\u00e1<\/strong><\/td><td>Pivovar Cest\u00e1\u0159<\/td><\/tr><tr><td>11.08.2022<\/td><td><strong>Olomouc<\/strong><\/td><td>Cobra <\/td><\/tr><tr><td>13.08.2022<\/td><td><strong>Vy\u0161kov<\/strong><\/td><td>Masarykovo n\u00e1m\u011bst\u00ed<\/td><\/tr><tr><td>28.08.2022<\/td><td><strong>Olomouc<\/strong><\/td><td>Letn\u00ed kino  <\/td><\/tr><tr><td>08.09.2022<\/td><td><strong>Olomouc<\/strong><\/td><td>Bar Zahrada<\/td><\/tr><tr><td>09.09.2022<\/td><td><strong>Ostrava<\/strong><\/td><td>Hudebn\u00ed Bazar<\/td><\/tr><tr><td>10.09.2022<\/td><td><strong>Praha<\/strong><\/td><td>Veletrh <\/td><\/tr><tr><td>06.10.2022<\/td><td><strong>Olomouc<\/strong><\/td><td>Cobra<\/td><\/tr><tr><td>08.10.2022<\/td><td><strong>Olomouc<\/strong><\/td><td>Letn\u00ed kino &#8211; Beerfest<\/td><\/tr><tr><td>08.10.2022<\/td><td><strong>Drahlov &#8211; Charv\u00e1ty<\/strong><\/td><td>H\u0159i\u0161t\u011b<\/td><\/tr><tr><td>14.10.2022<\/td><td><strong>Olomouc<\/strong><\/td><td>Olodvorek<\/td><\/tr><tr><td>21.10.2022<\/td><td><strong>Pardubice<\/strong><\/td><td>The Factory Bar<\/td><\/tr><tr><td>03.12.2022<\/td><td><strong>Olomouc<\/strong><\/td><td>Cobra<\/td><\/tr><tr><td>07.12.2022<\/td><td><strong>Olomouc<\/strong><\/td><td>Bar Zahrada<\/td><\/tr><tr><td>10.12.2022<\/td><td><strong>Pardubice<\/strong><\/td><td>The Factory Bar<\/td><\/tr><tr><td>15.12.2022<\/td><td><strong>Olomouc<\/strong><\/td><td>UPOL &#8211; fakulta<\/td><\/tr><tr><td>16.12.2022<\/td><td><strong>Zl\u00edn<\/strong><\/td><td>V\u00e1no\u010dn\u00ed koncert<\/td><\/tr><tr><td>20.12.2022<\/td><td><strong>Olomouc<\/strong><\/td><td>Olodvorek &#8211; v\u00e1no\u010dn\u00ed koncert<\/td><\/tr><\/tbody><\/table><\/figure>\n\n\n\n<p><\/p>\n\n\n\n<hr class=\"wp-block-separator has-text-color has-yellow-color has-css-opacity has-yellow-background-color has-background is-style-wide\"\/>\n","protected":false},"excerpt":{"rendered":"<p>Koncerty 2025 &#8230; Od roku 2025 jsou koncerty v sekci Koncerty. Koncerty 2024 17.01.2024 V\u00e9ska VIP &#8211; Sport Hotel 02.03.2024 Pardubice Klub 08.03.2024 Otrokovice Kulturn\u00ed centrum Beseda 19.03.2024 Olomouc K<\/p>\n<p class=\"more-link\"><a href=\"https:\/\/nobarriers.cz\/?page_id=6095\" class=\"readmore\">Continue reading<span class=\"screen-reader-text\">Koncerty &#8211; archiv<\/span><\/a><\/p>\n","protected":false},"author":1,"featured_media":0,"parent":0,"menu_order":0,"comment_status":"closed","ping_status":"closed","template":"templates\/no-sidebar.php","meta":{"footnotes":""},"class_list":["post-6095","page","type-page","status-publish","hentry"],"yoast_head":"<!-- This site is optimized with the Yoast SEO plugin v27.5 - https:\/\/yoast.com\/product\/yoast-seo-wordpress\/ -->\n<title>Koncerty - archiv - No barriers<\/title>\n<meta name=\"robots\" content=\"index, follow, max-snippet:-1, max-image-preview:large, max-video-preview:-1\" \/>\n<link rel=\"canonical\" href=\"https:\/\/nobarriers.cz\/?page_id=6095\" \/>\n<meta property=\"og:locale\" content=\"cs_CZ\" \/>\n<meta property=\"og:type\" content=\"article\" \/>\n<meta property=\"og:title\" content=\"Koncerty - archiv - No barriers\" \/>\n<meta property=\"og:description\" content=\"Koncerty 2025 &#8230; Od roku 2025 jsou koncerty v sekci Koncerty. Koncerty 2024 17.01.2024 V\u00e9ska VIP &#8211; Sport Hotel 02.03.2024 Pardubice Klub 08.03.2024 Otrokovice Kulturn\u00ed centrum Beseda 19.03.2024 Olomouc KContinue readingKoncerty &#8211; archiv\" \/>\n<meta property=\"og:url\" content=\"https:\/\/nobarriers.cz\/?page_id=6095\" \/>\n<meta property=\"og:site_name\" content=\"No barriers\" \/>\n<meta property=\"article:publisher\" content=\"https:\/\/www.facebook.com\/nobarrierscz\" \/>\n<meta property=\"article:modified_time\" content=\"2026-01-17T17:24:01+00:00\" \/>\n<meta name=\"twitter:card\" content=\"summary_large_image\" \/>\n<meta name=\"twitter:site\" content=\"@NoBarrierscz\" \/>\n<meta name=\"twitter:label1\" content=\"Odhadovan\u00e1 doba \u010dten\u00ed\" \/>\n\t<meta name=\"twitter:data1\" content=\"1 minuta\" \/>\n<script type=\"application\/ld+json\" class=\"yoast-schema-graph\">{\"@context\":\"https:\\\/\\\/schema.org\",\"@graph\":[{\"@type\":\"WebPage\",\"@id\":\"https:\\\/\\\/nobarriers.cz\\\/?page_id=6095\",\"url\":\"https:\\\/\\\/nobarriers.cz\\\/?page_id=6095\",\"name\":\"Koncerty - archiv - No barriers\",\"isPartOf\":{\"@id\":\"https:\\\/\\\/nobarriers.cz\\\/#website\"},\"datePublished\":\"2022-03-19T18:13:53+00:00\",\"dateModified\":\"2026-01-17T17:24:01+00:00\",\"breadcrumb\":{\"@id\":\"https:\\\/\\\/nobarriers.cz\\\/?page_id=6095#breadcrumb\"},\"inLanguage\":\"cs\",\"potentialAction\":[{\"@type\":\"ReadAction\",\"target\":[\"https:\\\/\\\/nobarriers.cz\\\/?page_id=6095\"]}]},{\"@type\":\"BreadcrumbList\",\"@id\":\"https:\\\/\\\/nobarriers.cz\\\/?page_id=6095#breadcrumb\",\"itemListElement\":[{\"@type\":\"ListItem\",\"position\":1,\"name\":\"Dom\u016f\",\"item\":\"https:\\\/\\\/nobarriers.cz\\\/\"},{\"@type\":\"ListItem\",\"position\":2,\"name\":\"Koncerty &#8211; archiv\"}]},{\"@type\":\"WebSite\",\"@id\":\"https:\\\/\\\/nobarriers.cz\\\/#website\",\"url\":\"https:\\\/\\\/nobarriers.cz\\\/\",\"name\":\"No barriers\",\"description\":\"acoustic\\\/electric session - Czech\\\/Bosnian band\",\"publisher\":{\"@id\":\"https:\\\/\\\/nobarriers.cz\\\/#organization\"},\"potentialAction\":[{\"@type\":\"SearchAction\",\"target\":{\"@type\":\"EntryPoint\",\"urlTemplate\":\"https:\\\/\\\/nobarriers.cz\\\/?s={search_term_string}\"},\"query-input\":{\"@type\":\"PropertyValueSpecification\",\"valueRequired\":true,\"valueName\":\"search_term_string\"}}],\"inLanguage\":\"cs\"},{\"@type\":\"Organization\",\"@id\":\"https:\\\/\\\/nobarriers.cz\\\/#organization\",\"name\":\"No Barriers\",\"url\":\"https:\\\/\\\/nobarriers.cz\\\/\",\"logo\":{\"@type\":\"ImageObject\",\"inLanguage\":\"cs\",\"@id\":\"https:\\\/\\\/nobarriers.cz\\\/#\\\/schema\\\/logo\\\/image\\\/\",\"url\":\"http:\\\/\\\/nobarriers.cz\\\/wp-content\\\/uploads\\\/2022\\\/03\\\/logo_no_barriers.png\",\"contentUrl\":\"http:\\\/\\\/nobarriers.cz\\\/wp-content\\\/uploads\\\/2022\\\/03\\\/logo_no_barriers.png\",\"width\":640,\"height\":175,\"caption\":\"No Barriers\"},\"image\":{\"@id\":\"https:\\\/\\\/nobarriers.cz\\\/#\\\/schema\\\/logo\\\/image\\\/\"},\"sameAs\":[\"https:\\\/\\\/www.facebook.com\\\/nobarrierscz\",\"https:\\\/\\\/x.com\\\/NoBarrierscz\",\"https:\\\/\\\/www.instagram.com\\\/nobarrierscz\\\/\",\"https:\\\/\\\/www.youtube.com\\\/channel\\\/UC8vsNv10md4fi_mepiseIyA\"]}]}<\/script>\n<!-- \/ Yoast SEO plugin. -->","yoast_head_json":{"title":"Koncerty - archiv - No barriers","robots":{"index":"index","follow":"follow","max-snippet":"max-snippet:-1","max-image-preview":"max-image-preview:large","max-video-preview":"max-video-preview:-1"},"canonical":"https:\/\/nobarriers.cz\/?page_id=6095","og_locale":"cs_CZ","og_type":"article","og_title":"Koncerty - archiv - No barriers","og_description":"Koncerty 2025 &#8230; Od roku 2025 jsou koncerty v sekci Koncerty. Koncerty 2024 17.01.2024 V\u00e9ska VIP &#8211; Sport Hotel 02.03.2024 Pardubice Klub 08.03.2024 Otrokovice Kulturn\u00ed centrum Beseda 19.03.2024 Olomouc KContinue readingKoncerty &#8211; archiv","og_url":"https:\/\/nobarriers.cz\/?page_id=6095","og_site_name":"No barriers","article_publisher":"https:\/\/www.facebook.com\/nobarrierscz","article_modified_time":"2026-01-17T17:24:01+00:00","twitter_card":"summary_large_image","twitter_site":"@NoBarrierscz","twitter_misc":{"Odhadovan\u00e1 doba \u010dten\u00ed":"1 minuta"},"schema":{"@context":"https:\/\/schema.org","@graph":[{"@type":"WebPage","@id":"https:\/\/nobarriers.cz\/?page_id=6095","url":"https:\/\/nobarriers.cz\/?page_id=6095","name":"Koncerty - archiv - No barriers","isPartOf":{"@id":"https:\/\/nobarriers.cz\/#website"},"datePublished":"2022-03-19T18:13:53+00:00","dateModified":"2026-01-17T17:24:01+00:00","breadcrumb":{"@id":"https:\/\/nobarriers.cz\/?page_id=6095#breadcrumb"},"inLanguage":"cs","potentialAction":[{"@type":"ReadAction","target":["https:\/\/nobarriers.cz\/?page_id=6095"]}]},{"@type":"BreadcrumbList","@id":"https:\/\/nobarriers.cz\/?page_id=6095#breadcrumb","itemListElement":[{"@type":"ListItem","position":1,"name":"Dom\u016f","item":"https:\/\/nobarriers.cz\/"},{"@type":"ListItem","position":2,"name":"Koncerty &#8211; archiv"}]},{"@type":"WebSite","@id":"https:\/\/nobarriers.cz\/#website","url":"https:\/\/nobarriers.cz\/","name":"No barriers","description":"acoustic\/electric session - Czech\/Bosnian band","publisher":{"@id":"https:\/\/nobarriers.cz\/#organization"},"potentialAction":[{"@type":"SearchAction","target":{"@type":"EntryPoint","urlTemplate":"https:\/\/nobarriers.cz\/?s={search_term_string}"},"query-input":{"@type":"PropertyValueSpecification","valueRequired":true,"valueName":"search_term_string"}}],"inLanguage":"cs"},{"@type":"Organization","@id":"https:\/\/nobarriers.cz\/#organization","name":"No Barriers","url":"https:\/\/nobarriers.cz\/","logo":{"@type":"ImageObject","inLanguage":"cs","@id":"https:\/\/nobarriers.cz\/#\/schema\/logo\/image\/","url":"http:\/\/nobarriers.cz\/wp-content\/uploads\/2022\/03\/logo_no_barriers.png","contentUrl":"http:\/\/nobarriers.cz\/wp-content\/uploads\/2022\/03\/logo_no_barriers.png","width":640,"height":175,"caption":"No Barriers"},"image":{"@id":"https:\/\/nobarriers.cz\/#\/schema\/logo\/image\/"},"sameAs":["https:\/\/www.facebook.com\/nobarrierscz","https:\/\/x.com\/NoBarrierscz","https:\/\/www.instagram.com\/nobarrierscz\/","https:\/\/www.youtube.com\/channel\/UC8vsNv10md4fi_mepiseIyA"]}]}},"_links":{"self":[{"href":"https:\/\/nobarriers.cz\/index.php?rest_route=\/wp\/v2\/pages\/6095","targetHints":{"allow":["GET"]}}],"collection":[{"href":"https:\/\/nobarriers.cz\/index.php?rest_route=\/wp\/v2\/pages"}],"about":[{"href":"https:\/\/nobarriers.cz\/index.php?rest_route=\/wp\/v2\/types\/page"}],"author":[{"embeddable":true,"href":"https:\/\/nobarriers.cz\/index.php?rest_route=\/wp\/v2\/users\/1"}],"replies":[{"embeddable":true,"href":"https:\/\/nobarriers.cz\/index.php?rest_route=%2Fwp%2Fv2%2Fcomments&post=6095"}],"version-history":[{"count":152,"href":"https:\/\/nobarriers.cz\/index.php?rest_route=\/wp\/v2\/pages\/6095\/revisions"}],"predecessor-version":[{"id":6841,"href":"https:\/\/nobarriers.cz\/index.php?rest_route=\/wp\/v2\/pages\/6095\/revisions\/6841"}],"wp:attachment":[{"href":"https:\/\/nobarriers.cz\/index.php?rest_route=%2Fwp%2Fv2%2Fmedia&parent=6095"}],"curies":[{"name":"wp","href":"https:\/\/api.w.org\/{rel}","templated":true}]}}